{"id":24340,"date":"2023-10-10T17:33:34","date_gmt":"2023-10-10T16:33:34","guid":{"rendered":"http:\/\/www.mecerreyes.com\/mece\/?page_id=24340"},"modified":"2023-10-10T17:33:34","modified_gmt":"2023-10-10T16:33:34","slug":"museo-del-carbon-al-aire-libre-1","status":"publish","type":"page","link":"https:\/\/www.mecerreyes.com\/mece\/?page_id=24340","title":{"rendered":"Museo del Carnaval"},"content":{"rendered":"<p><a  href=\"https:\/\/www.mecerreyes.com\/mece\/?page_id=24340\">Museo del Carnaval<\/a> y Corrida del Gallo<\/p>\n\n\n\n<figure class=\"wp-block-image size-large\"><img loading=\"lazy\" decoding=\"async\" width=\"1024\" height=\"149\" src=\"http:\/\/www.mecerreyes.com\/mece\/wp-content\/uploads\/2021\/02\/Cartel-Museo-del-Carnaval-de-Mecerreyes-1024x149.jpg\" alt=\"\" class=\"wp-image-20614\" srcset=\"https:\/\/www.mecerreyes.com\/mece\/wp-content\/uploads\/2021\/02\/Cartel-Museo-del-Carnaval-de-Mecerreyes-1024x149.jpg 1024w, https:\/\/www.mecerreyes.com\/mece\/wp-content\/uploads\/2021\/02\/Cartel-Museo-del-Carnaval-de-Mecerreyes-300x44.jpg 300w, https:\/\/www.mecerreyes.com\/mece\/wp-content\/uploads\/2021\/02\/Cartel-Museo-del-Carnaval-de-Mecerreyes-768x112.jpg 768w, https:\/\/www.mecerreyes.com\/mece\/wp-content\/uploads\/2021\/02\/Cartel-Museo-del-Carnaval-de-Mecerreyes-1536x223.jpg 1536w, https:\/\/www.mecerreyes.com\/mece\/wp-content\/uploads\/2021\/02\/Cartel-Museo-del-Carnaval-de-Mecerreyes-2048x298.jpg 2048w, https:\/\/www.mecerreyes.com\/mece\/wp-content\/uploads\/2021\/02\/Cartel-Museo-del-Carnaval-de-Mecerreyes-1080x157.jpg 1080w\" sizes=\"(max-width: 1024px) 100vw, 1024px\" \/><\/figure>\n\n\n\n<div style=\"height:36px\" aria-hidden=\"true\" class=\"wp-block-spacer\"><\/div>\n\n\n\n<p style=\"font-size:-2px\">El Carnaval de Mecerreyes es una tradici\u00f3n &#8216;de museo&#8217;. No en vano inauguraban en 2019 una muestra permanente en el <a  href=\"https:\/\/www.mecerreyes.com\/mece\/?page_id=2\">municipio<\/a> que recoge una veintena de disfraces que se ponen aquellos que participan en las zarramacadas. Unos disfraces peculiares, totalmente elaborados como los antiguos con telas de saco, plumas, retales o cuerdas. Adem\u00e1s,\u00a0en el museo se puede observar una recreaci\u00f3n de la corrida del gallo\u00a0gracias a una gran fotograf\u00eda y unos maniqu\u00edes que simulan al ni\u00f1o, al zarramaco y a los danzantes. Por \u00faltimo, se completa la exposici\u00f3n con paneles y fotograf\u00edas del carnaval.<\/p>\n\n\n\n<p style=\"font-size:14px\" class=\"has-text-align-right\"><span class=\"has-inline-color has-vivid-cyan-blue-color\">Burgos Conecta, Febrero 2022<\/span><\/p>\n\n\n\n<div style=\"height:31px\" aria-hidden=\"true\" class=\"wp-block-spacer\"><\/div>\n\n\n\n<figure class=\"wp-block-image size-large\"><img loading=\"lazy\" decoding=\"async\" width=\"709\" height=\"727\" src=\"https:\/\/www.mecerreyes.com\/mece\/wp-content\/uploads\/2023\/10\/Museo-del-Carnaval-Mecerreyes.jpg\" alt=\"\" class=\"wp-image-24342\" srcset=\"https:\/\/www.mecerreyes.com\/mece\/wp-content\/uploads\/2023\/10\/Museo-del-Carnaval-Mecerreyes.jpg 709w, https:\/\/www.mecerreyes.com\/mece\/wp-content\/uploads\/2023\/10\/Museo-del-Carnaval-Mecerreyes-293x300.jpg 293w\" sizes=\"(max-width: 709px) 100vw, 709px\" \/><\/figure>\n\n\n\n<div style=\"height:68px\" aria-hidden=\"true\" class=\"wp-block-spacer\"><\/div>\n\n\n\n<figure class=\"wp-block-gallery columns-1 is-cropped wp-block-gallery-1 is-layout-flex wp-block-gallery-is-layout-flex\"><ul class=\"blocks-gallery-grid\"><li class=\"blocks-gallery-item\"><figure><a  href=\"http:\/\/www.mecerreyes.com\/mece\/wp-content\/uploads\/2021\/03\/Museo-del-Carnaval-Mecerreyes-febrero-2021.jpg\" class=\"thickbox no_icon\" title=\"\"><img loading=\"lazy\" decoding=\"async\" width=\"1024\" height=\"576\" src=\"http:\/\/www.mecerreyes.com\/mece\/wp-content\/uploads\/2021\/03\/Museo-del-Carnaval-Mecerreyes-febrero-2021-1024x576.jpg\" alt=\"\" data-id=\"20656\" data-full-url=\"http:\/\/www.mecerreyes.com\/mece\/wp-content\/uploads\/2021\/03\/Museo-del-Carnaval-Mecerreyes-febrero-2021.jpg\" data-link=\"http:\/\/www.mecerreyes.com\/mece\/?attachment_id=20656\" class=\"wp-image-20656\" srcset=\"https:\/\/www.mecerreyes.com\/mece\/wp-content\/uploads\/2021\/03\/Museo-del-Carnaval-Mecerreyes-febrero-2021-1024x576.jpg 1024w, https:\/\/www.mecerreyes.com\/mece\/wp-content\/uploads\/2021\/03\/Museo-del-Carnaval-Mecerreyes-febrero-2021-300x169.jpg 300w, https:\/\/www.mecerreyes.com\/mece\/wp-content\/uploads\/2021\/03\/Museo-del-Carnaval-Mecerreyes-febrero-2021-768x432.jpg 768w, https:\/\/www.mecerreyes.com\/mece\/wp-content\/uploads\/2021\/03\/Museo-del-Carnaval-Mecerreyes-febrero-2021-1080x607.jpg 1080w, https:\/\/www.mecerreyes.com\/mece\/wp-content\/uploads\/2021\/03\/Museo-del-Carnaval-Mecerreyes-febrero-2021.jpg 1417w\" sizes=\"(max-width: 1024px) 100vw, 1024px\" \/><\/a><\/figure><\/li><li class=\"blocks-gallery-item\"><figure><a  href=\"http:\/\/www.mecerreyes.com\/mece\/wp-content\/uploads\/2021\/02\/Mecerreyes-Museo-del-Carnaval-A.jpg\" class=\"thickbox no_icon\" title=\"\"><img loading=\"lazy\" decoding=\"async\" width=\"1024\" height=\"576\" src=\"http:\/\/www.mecerreyes.com\/mece\/wp-content\/uploads\/2021\/02\/Mecerreyes-Museo-del-Carnaval-A-1024x576.jpg\" alt=\"\" data-id=\"20624\" data-full-url=\"http:\/\/www.mecerreyes.com\/mece\/wp-content\/uploads\/2021\/02\/Mecerreyes-Museo-del-Carnaval-A.jpg\" data-link=\"http:\/\/www.mecerreyes.com\/mece\/?attachment_id=20624\" class=\"wp-image-20624\" srcset=\"https:\/\/www.mecerreyes.com\/mece\/wp-content\/uploads\/2021\/02\/Mecerreyes-Museo-del-Carnaval-A-1024x576.jpg 1024w, https:\/\/www.mecerreyes.com\/mece\/wp-content\/uploads\/2021\/02\/Mecerreyes-Museo-del-Carnaval-A-300x169.jpg 300w, https:\/\/www.mecerreyes.com\/mece\/wp-content\/uploads\/2021\/02\/Mecerreyes-Museo-del-Carnaval-A-768x432.jpg 768w, https:\/\/www.mecerreyes.com\/mece\/wp-content\/uploads\/2021\/02\/Mecerreyes-Museo-del-Carnaval-A-1536x863.jpg 1536w, https:\/\/www.mecerreyes.com\/mece\/wp-content\/uploads\/2021\/02\/Mecerreyes-Museo-del-Carnaval-A-1080x607.jpg 1080w, https:\/\/www.mecerreyes.com\/mece\/wp-content\/uploads\/2021\/02\/Mecerreyes-Museo-del-Carnaval-A.jpg 1772w\" sizes=\"(max-width: 1024px) 100vw, 1024px\" \/><\/a><\/figure><\/li><li class=\"blocks-gallery-item\"><figure><a  href=\"http:\/\/www.mecerreyes.com\/mece\/wp-content\/uploads\/2021\/02\/Mecerreyes-Museo-del-Carnaval.jpg\" class=\"thickbox no_icon\" title=\"\"><img loading=\"lazy\" decoding=\"async\" width=\"1024\" height=\"576\" src=\"http:\/\/www.mecerreyes.com\/mece\/wp-content\/uploads\/2021\/02\/Mecerreyes-Museo-del-Carnaval-1024x576.jpg\" alt=\"\" data-id=\"20616\" data-full-url=\"http:\/\/www.mecerreyes.com\/mece\/wp-content\/uploads\/2021\/02\/Mecerreyes-Museo-del-Carnaval.jpg\" data-link=\"http:\/\/www.mecerreyes.com\/mece\/?attachment_id=20616\" class=\"wp-image-20616\" srcset=\"https:\/\/www.mecerreyes.com\/mece\/wp-content\/uploads\/2021\/02\/Mecerreyes-Museo-del-Carnaval-1024x576.jpg 1024w, https:\/\/www.mecerreyes.com\/mece\/wp-content\/uploads\/2021\/02\/Mecerreyes-Museo-del-Carnaval-300x169.jpg 300w, https:\/\/www.mecerreyes.com\/mece\/wp-content\/uploads\/2021\/02\/Mecerreyes-Museo-del-Carnaval-768x432.jpg 768w, https:\/\/www.mecerreyes.com\/mece\/wp-content\/uploads\/2021\/02\/Mecerreyes-Museo-del-Carnaval-1536x863.jpg 1536w, https:\/\/www.mecerreyes.com\/mece\/wp-content\/uploads\/2021\/02\/Mecerreyes-Museo-del-Carnaval-1080x607.jpg 1080w, https:\/\/www.mecerreyes.com\/mece\/wp-content\/uploads\/2021\/02\/Mecerreyes-Museo-del-Carnaval.jpg 1772w\" sizes=\"(max-width: 1024px) 100vw, 1024px\" \/><\/a><\/figure><\/li><\/ul><\/figure>\n\n\n\n<div style=\"height:35px\" aria-hidden=\"true\" class=\"wp-block-spacer\"><\/div>\n\n\n\n<figure class=\"wp-block-embed-youtube wp-block-embed is-type-video is-provider-youtube wp-embed-aspect-16-9 wp-has-aspect-ratio\"><div class=\"wp-block-embed__wrapper\">\n<iframe loading=\"lazy\" title=\"museo del carnaval Mecerreyes. Burgos\" width=\"1080\" height=\"608\" src=\"https:\/\/www.youtube.com\/embed\/lp2-Uy-L0W4?feature=oembed\" frameborder=\"0\" allow=\"accelerometer; autoplay; clipboard-write; encrypted-media; gyroscope; picture-in-picture; web-share\" allowfullscreen><\/iframe>\n<\/div><\/figure>","protected":false},"excerpt":{"rendered":"<p>Museo del Carnaval y Corrida del Gallo El Carnaval de Mecerreyes es una tradici\u00f3n &#8216;de museo&#8217;. No en vano inauguraban en 2019 una muestra permanente en el municipio que recoge una veintena de disfraces que se ponen aquellos que participan en las zarramacadas. Unos disfraces peculiares, totalmente elaborados como los antiguos con telas de saco, [&hellip;]<\/p>\n","protected":false},"author":5,"featured_media":0,"parent":74,"menu_order":1,"comment_status":"closed","ping_status":"closed","template":"","meta":{"_et_pb_use_builder":"","_et_pb_old_content":"","_et_gb_content_width":"","footnotes":""},"class_list":["post-24340","page","type-page","status-publish","hentry"],"_links":{"self":[{"href":"https:\/\/www.mecerreyes.com\/mece\/index.php?rest_route=\/wp\/v2\/pages\/24340"}],"collection":[{"href":"https:\/\/www.mecerreyes.com\/mece\/index.php?rest_route=\/wp\/v2\/pages"}],"about":[{"href":"https:\/\/www.mecerreyes.com\/mece\/index.php?rest_route=\/wp\/v2\/types\/page"}],"author":[{"embeddable":true,"href":"https:\/\/www.mecerreyes.com\/mece\/index.php?rest_route=\/wp\/v2\/users\/5"}],"replies":[{"embeddable":true,"href":"https:\/\/www.mecerreyes.com\/mece\/index.php?rest_route=%2Fwp%2Fv2%2Fcomments&post=24340"}],"version-history":[{"count":4,"href":"https:\/\/www.mecerreyes.com\/mece\/index.php?rest_route=\/wp\/v2\/pages\/24340\/revisions"}],"predecessor-version":[{"id":24345,"href":"https:\/\/www.mecerreyes.com\/mece\/index.php?rest_route=\/wp\/v2\/pages\/24340\/revisions\/24345"}],"up":[{"embeddable":true,"href":"https:\/\/www.mecerreyes.com\/mece\/index.php?rest_route=\/wp\/v2\/pages\/74"}],"wp:attachment":[{"href":"https:\/\/www.mecerreyes.com\/mece\/index.php?rest_route=%2Fwp%2Fv2%2Fmedia&parent=24340"}],"curies":[{"name":"wp","href":"https:\/\/api.w.org\/{rel}","templated":true}]}}