{"id":265,"date":"2009-06-03T20:08:51","date_gmt":"2009-06-03T19:08:51","guid":{"rendered":"http:\/\/www.mecerreyes.com\/mece\/?page_id=265"},"modified":"2017-09-19T16:15:03","modified_gmt":"2017-09-19T15:15:03","slug":"asociaciones","status":"publish","type":"page","link":"https:\/\/www.mecerreyes.com\/mece\/?page_id=265","title":{"rendered":"Asociaciones"},"content":{"rendered":"<p style=\"text-align: justify;\">Son dos las <a  href=\"https:\/\/www.mecerreyes.com\/mece\/?page_id=265\">asociaciones<\/a> de Mecerreyes: la cultural y la de jubilados. Ambas tienen un objetivo com\u00fan: el bien de los guiletos desde perspectivas diversas: la cultura y la promoci\u00f3n de los m\u00e1s mayores del pueblo.<\/p>\n<p style=\"text-align: justify;\"><strong>\u00abLa Asociaci\u00f3n de Jubilados <a  href=\"https:\/\/www.mecerreyes.com\/mece\/?page_id=58\">San Mart\u00edn<\/a> guileto\u00bb<\/strong> desarrolla varias actividades a lo largo del a\u00f1o encaminadas a animar a los jubilados del pueblo. Los actos m\u00e1s importantes se tienen con motivo de <a  href=\"http:\/\/www.mecerreyes.com\/mece\/?page_id=58\">las fiestas patronales en <a href=\"https:\/\/www.mecerreyes.com\/mece\/?page_id=58\">San Mart\u00edn<\/a><\/a>, el 11 de Noviembre. A diario se re\u00fane un buen numeroso grupo de mayores a jugar a las cartas; adem\u00e1s ayuda al bienestar de todos, especialmente a que las guiletas luzcan bien guapas: peluquer\u00eda, risoterapia&#8230;<\/p>\n<p style=\"text-align: justify;\"><strong>\u00abLa Asociaci\u00f3n cultural Mecerreyes\u00bb<\/strong> ha buscado siempre mantener el legado de los mayores; para ello ha ido recuperando la memoria de muchas actividades, de trabajos de anta\u00f1o&#8230;, recogidos en una afamada revista de elaboraci\u00f3n propia. Ahora se dedica con gran entusiasmo a la elaboraci\u00f3n del Bel\u00e9n para el disfrute de propios y extra\u00f1os, <em>a la organizaci\u00f3n de las fiestas de invierno de <a  href=\"http:\/\/www.mecerreyes.com\/mece\/?page_id=47\">Marzas<\/a> y <a  href=\"http:\/\/www.mecerreyes.com\/mece\/?page_id=138\">Gallo de Carnaval<\/a> y a la realizaci\u00f3n de una Muestra de Dulzaineros \u00abMemorial Sim\u00f3n Altable\u00bb, que comenz\u00f3 en el a\u00f1o 2000 y sigue sin faltar a la cita cada a\u00f1o. <\/em>Adem\u00e1s desarrolla en coordinaci\u00f3n con <a  href=\"http:\/\/www.mecerreyes.com\/mece\/?page_id=35\">la <a href=\"https:\/\/www.mecerreyes.com\/mece\/?page_id=35\">Parroquia<\/a><\/a> y otras entidades diferentes eventos: teatro, concursos, actividades de verano, excursiones&#8230;<\/p>","protected":false},"excerpt":{"rendered":"<p>Son dos las asociaciones de Mecerreyes: la cultural y la de jubilados. Ambas tienen un objetivo com\u00fan: el bien de los guiletos desde perspectivas diversas: la cultura y la promoci\u00f3n de los m\u00e1s mayores del pueblo. \u00abLa Asociaci\u00f3n de Jubilados San Mart\u00edn guileto\u00bb desarrolla varias actividades a lo largo del a\u00f1o encaminadas a animar a [&hellip;]<\/p>\n","protected":false},"author":1,"featured_media":0,"parent":2,"menu_order":7,"comment_status":"open","ping_status":"closed","template":"","meta":{"_et_pb_use_builder":"","_et_pb_old_content":"","_et_gb_content_width":"","footnotes":""},"class_list":["post-265","page","type-page","status-publish","hentry"],"_links":{"self":[{"href":"https:\/\/www.mecerreyes.com\/mece\/index.php?rest_route=\/wp\/v2\/pages\/265"}],"collection":[{"href":"https:\/\/www.mecerreyes.com\/mece\/index.php?rest_route=\/wp\/v2\/pages"}],"about":[{"href":"https:\/\/www.mecerreyes.com\/mece\/index.php?rest_route=\/wp\/v2\/types\/page"}],"author":[{"embeddable":true,"href":"https:\/\/www.mecerreyes.com\/mece\/index.php?rest_route=\/wp\/v2\/users\/1"}],"replies":[{"embeddable":true,"href":"https:\/\/www.mecerreyes.com\/mece\/index.php?rest_route=%2Fwp%2Fv2%2Fcomments&post=265"}],"version-history":[{"count":1,"href":"https:\/\/www.mecerreyes.com\/mece\/index.php?rest_route=\/wp\/v2\/pages\/265\/revisions"}],"predecessor-version":[{"id":15488,"href":"https:\/\/www.mecerreyes.com\/mece\/index.php?rest_route=\/wp\/v2\/pages\/265\/revisions\/15488"}],"up":[{"embeddable":true,"href":"https:\/\/www.mecerreyes.com\/mece\/index.php?rest_route=\/wp\/v2\/pages\/2"}],"wp:attachment":[{"href":"https:\/\/www.mecerreyes.com\/mece\/index.php?rest_route=%2Fwp%2Fv2%2Fmedia&parent=265"}],"curies":[{"name":"wp","href":"https:\/\/api.w.org\/{rel}","templated":true}]}}